 of k and o?
13
Suppose 0 = -5*a + 8 + 2. Suppose -a*y - y + 462 = 0. What is the greatest common factor of y and 14?
14
Let k = 32 - 0. Suppose 0 = 3*a + 15, -5*w + 7 = -2*w + a. Calculate the greatest common divisor of w and k.
4
Let f(z) = -z**2 + 8*z + 8. Let j be f(8). Let a be ((-40)/30)/((-1)/30). Calculate the greatest common divisor of a and j.
8
Let s be 1132/(-8) - 2/4. Let w = s - -268. Let u = -16 - -30. What is the greatest common factor of w and u?
14
Suppose -4*w + 13 = 5*t - 3*w, 3*t + 3 = 3*w. What is the highest common divisor of 6 and t?
2
Let y = -3 - -23. Let f = -1 - -51. Let t = 90 - f. What is the highest common divisor of y and t?
20
Suppose -2*m - 5 - 6 = -5*q, 3*m + 5*q = 46. Let p = -3 - -13. Suppose 2*r - 4*h - p - 22 = 0, 3*h = -2*r + 25. Calculate the highest common divisor of r and m.
7
Let v be (-20)/6*(69/(-6) + 1). What is the greatest common factor of v and 10?
5
Suppose -55*y + 63 = -52*y. Calculate the highest common factor of 231 and y.
21
Let n = 4 - -1. Let a = 141 - 79. Suppose 118 + a = n*l. Calculate the greatest common divisor of l and 12.
12
Let l(o) = -o + 10. Let r be l(0). Suppose -r = -2*n - 3*n. Suppose 3*v - 10 = 2*w + 59, 5*w - 65 = -n*v. What is the greatest common factor of v and 25?
25
Suppose 5*i + 10 - 60 = -5*m, 0 = -m - 2*i + 10. Let d be 56/m - 6/(-15). What is the highest common factor of 66 and d?
6
Suppose -1 - 24 = -3*z - 2*n, -9 = -z - n. Let d = 218 + -125. Let q = d - 37. What is the greatest common divisor of q and z?
7
Let r(d) = d**3 - 5*d**2 + 4. Let t be r(5). What is the greatest common divisor of t and 1?
1
Suppose 5*w = 9 + 6. Suppose -q + 3 = 2*q. Calculate the highest common factor of w and q.
1
Let b = 59 - 14. What is the greatest common factor of b and 30?
15
Suppose 0 = 2*q + q - 72. Let z(b) = b**3 + 2*b**2 - 2*b + 1. Let w be z(1). Let r be (-16)/6*(w - 5). Calculate the highest common divisor of r and q.
8
Let d be -1 + -1 - (-13 - 3). Suppose -3*b + 5*w = -15 - d, 5*w = -4*b + 27. Calculate the highest common factor of b and 2.
2
Let q be 2 + (12 - 2) + 2. Let d(o) = -o**2 + 6*o - 3. Let w be d(5). What is the highest common factor of q and w?
2
Suppose g + 51 = 3*l, 0*l - 4 = -l - 4*g. Calculate the highest common divisor of l and 112.
16
Suppose -132 + 12 = -5*p. What is the greatest common factor of 12 and p?
12
Let v be -1*4 - (9 - 11). Let a(k) = -2*k**3 + 4*k + 3. Let h be a(v). Let f(y) = y**2 + 55. Let i be f(0). What is the highest common factor of h and i?
11
Let a(v) = -v + 25. Let z be a(13). What is the greatest common factor of 132 and z?
12
Let r be (9/6)/((-3)/(-154)). What is the greatest common factor of 7 and r?
7
Suppose -d - 20 = -6*d. Suppose 2*u - 3*h = 9, 2*h - 6 = 4*h. Let z be (3 - 1) + 42 + u. Calculate the highest common factor of z and d.
4
Suppose 4*f - 669 = 3*q + 222, 0 = 2*f - 4*q - 448. Suppose 0 = 4*g - 2*g + 202. Let y = f + g. What is the highest common factor of 11 and y?
11
Let g be (-3726)/(-117) + 2/13. Let k be (0 + -2)/((-2)/48). Calculate the highest common divisor of k and g.
16
Suppose 28 = 3*o - 5*t, 13 - 3 = o - t. What is the highest common divisor of o and 88?
11
Let g(u) = -2*u**3 - u**2 - 4*u - 2. Let n = 6 + -10. Let j be g(n). What is the highest common divisor of 14 and j?
14
Suppose -5*i + 2 = b - 2, -i - 4 = -b. Let n = 2 - -1. Suppose -5*q + 96 = 4*s, -1 = -n*s - 4. Calculate the highest common divisor of b and q.
4
Suppose 4*i - 9*i + 360 = 0. Let l = i + -48. What is the greatest common factor of 6 and l?
6
Let c be 87/4 - 9/12. What is the highest common factor of c and 3?
3
Suppose -5*h + 297 - 79 = 4*x, 5*x - 10 = 0. Calculate the highest common divisor of 14 and h.
14
Let g be (-11)/(-4)*4 + -2. What is the highest common divisor of g and 9?
9
Suppose 2*d = -5*g + 51, 5*g = 2*d - 1 - 0. What is the greatest common factor of 65 and d?
13
Suppose 0 = 2*l + 4*g - 8, -g - 29 = -4*l + 5. Suppose l*z - 20 = 3*z. What is the highest common divisor of z and 16?
4
Let x be (-6)/(-21) - (-94)/14. What is the greatest common factor of x and 1?
1
Suppose -2*v + 2*c = -7*v + 228, -c - 40 = -v. What is the greatest common factor of v and 396?
44
Let n be -32 + 1 + (-4)/(-2). Let a = n + 58. Let o(x) = 88*x**2 - 2*x + 1. Let u be o(1). What is the greatest common factor of a and u?
29
Suppose -4*p - 3 = 45. Let i be (-4)/((-16)/(-15))*p. Let u(k) = -k**2 + 12*k - 5. Let b be u(7). Calculate the greatest common divisor of b and i.
15
Let j = -16 + 21. Let i(c) = -101*c - 1. Let x be i(-1). Suppose 0*w = -j*w + x. Calculate the highest common factor of 180 and w.
20
Let p be (4/(-3))/2*-3. Let b be -5*((-64)/10)/p. Let a be 2*(-45)/30*(-2)/3. What is the greatest common factor of a and b?
2
Let y be ((-5)/2)/((-1)/(-40)). Let c = 140 + y. Let m be ((-6)/4 + -1)*-4. What is the greatest common factor of c and m?
10
Let i = -19 - -32. Let h(l) be the first derivative of 5*l**2/2 - 6*l - 3. Let k be h(9). What is the highest common divisor of i and k?
13
Let z be 1 - 2*229/(-2). Let p = z + -164. Let q = -7 + 13. What is the highest common divisor of q and p?
6
Let n(v) = -v**3 - 3*v**2 + v - 5. Let b be n(-4). Let i = b - -5. Calculate the greatest common factor of i and 60.
12
Let m(w) = 2*w**2 - 9*w + 4. Let q be m(8). What is the highest common factor of 12 and q?
12
Suppose -4*s + s = -30. Calculate the greatest common factor of 10 and s.
10
Suppose -v = 4*y - 0 - 14, 2*v - 2 = 5*y. Calculate the highest common factor of 12 and v.
6
Let p be 4/(-14) - (-114)/7. What is the greatest common factor of p and 4?
4
Let b = -129 - -218. Suppose 2*d - 3*d + 2*a + 92 = 0, -d = a - b. What is the greatest common factor of 10 and d?
10
Let u(h) = 3*h - 10. Let y be u(11). Calculate the greatest common factor of 138 and y.
23
Let a = 12 - 2. What is the highest common factor of 25 and a?
5
Let k = -122 + 137. Let w(g) = g + 135. Let p be w(0). What is the greatest common divisor of p and k?
15
Let n = 5 - 3. Let a(b) = b + 1. Let t be a(n). Calculate the greatest common factor of t and 12.
3
Let t(k) = -k**2 + 4*k + 4. Let h be t(5). Let w(n) = -11*n**3 - 2*n**2 + 1. Let o be w(h). Suppose 3 = u - o. What is the greatest common divisor of u and 26?
13
Let k be 2*((-3)/(-6) + 0). Let u be k/4 + 165/12. Suppose 38 = v - 0*m - 3*m, -v + 36 = -m. Calculate the highest common divisor of u and v.
7
Suppose -t - 74 = -7*u + 2*u, 5*u - 72 = 3*t. Suppose -3*d + 3*h + u = 0, -25 = -3*d + 2*h - 4*h. What is the highest common divisor of 77 and d?
7
Let v = -1 + 26. Let l be 10/v - (-4)/(-10). Suppose -3*f - 3*h + 33 = l, 0 = -f + 3*h + 10 + 5. What is the highest common divisor of 24 and f?
12
Suppose 2*t = -2*t - 104. Let c be (-126)/(-26) - 4/t. Suppose 59 + 6 = c*u. What is the highest common divisor of 143 and u?
13
Let a(o) = -9*o + 6. Let f be a(-3). Let c be (-14)/21*f/(-2). Calculate the highest common divisor of 88 and c.
11
Let v(i) = i + 5. Let d(b) = -b**2 - b + 1. Let m(c) = -3*d(c) + v(c). Let h be m(-2). Calculate the highest common factor of 48 and h.
6
Suppose 2*h - 2 = 2. Suppose -33 = h*a - 223. What is the highest common factor of a and 19?
19
Let n be 660/16 + 1/(-4). Suppose -5*k + 3*f = -51, -4*k + n = -f - 4. What is the greatest common factor of k and 6?
6
Let n be (3/(-6))/((-1)/(-8)). Let d be ((-52)/(-3))/n*-3. What is the greatest common divisor of 26 and d?
13
Suppose 0 = 5*g - 4*g - 3*p - 9, 5*g + p - 61 = 0. Let o be ((-16)/(-6))/(8/g). What is the highest common divisor of 2 and o?
2
Suppose 4*z = -z. Suppose 0 = -z*a + 2*a - 20. Calculate the greatest common factor of 25 and a.
5
Let v(r) = 9*r - 61. Let t be v(7). Let d(z) = z**2 - 5*z + 4. Let o be d(4). Let b be (0 + -1)*-18 + o. Calculate the highest common divisor of b and t.
2
Let j be 2/(-10) - 1057/(-35). Calculate the greatest common factor of j and 30.
30
Let o(b) = -80*b. Let v be o(1). Let t = 116 + v. Calculate the highest common factor of 24 and t.
12
Let o = 35 - 7. Suppose -4*r = 4*a - 60, r - 4*r - a + 45 = 0. Let j be (-7)/(2 - r/6). Calculate the highest common divisor of o and j.
14
Let u(v) be the third derivative of v**4/3 + v**3/2 + v**2. Let p be u(-3). Let c be 0 + 2 - (p - -2). What is the greatest common divisor of c 